+ 2*l**2 - 27*l - 61. Let d be j(-5). What is x(d)?
9
Let k(w) = 33*w - 1. Suppose 5*t + 2*a + 974 = 0, 4*t + 962 = -t + 4*a. Let m = 193 + t. Give k(m).
-34
Let u(k) = 45*k + 301. Let z be u(-7). Let s(p) = -p**3 - 14*p**2 + 11. What is s(z)?
11
Suppose 25 = 3*y - 1384*w + 1380*w, -12 = 5*y + w. Let v(d) = -19*d - 12. What is v(y)?
7
Let g(z) = -4*z + 34. Let j(v) = -62*v - 548. Let p be j(-9). Give g(p).
-6
Let y(w) = -2*w**3 - 3*w**2 - 2*w - 3. Suppose 8*c = 7*c + 3*s + 1, 5*c = -4*s + 43. Suppose -2*p - c = 2*m + 7, 27 = -m - 5*p. Calculate y(m).
5
Suppose -o + 6 = 5*z, 47*z - 43*z = 4*o + 24. Let u(r) = -2*r - 5. What is u(z)?
-9
Let f be (-21)/9*(3 + -6). Suppose j = 2*j + 3, 2*s - f = -j. Let y(h) = h**3 - s - 7*h**2 + 15*h**2 + 8*h - 17*h**2. What is y(8)?
-5
Let t(s) = -2*s**2 - 12*s - 16. Let f be t(-5). Let i be (2 + f)/(6 + -7). Let j(q) = 2 + 0 + q - i + 8. What is j(6)?
12
Let n be (11 - 36)*18/45. Let v(m) = m**3 + 8*m**2 - 21*m - 6. Calculate v(n).
4
Let n(q) = -3*q**3 - q**2 + 1 - 3*q**3 - 4*q**3. Let g(l) be the second derivative of l**3 - 83*l**2/2 - l + 6. Let x be g(14). Determine n(x).
-10
Let i(y) = -5*y**3 + 7*y**2 + 6*y + 6. Let t(v) = 2*v**3. Suppose 112 - 115 = -3*r. Let j(z) = r*i(z) + 2*t(z). What is j(8)?
-10
Let h be 2/(-2) + 10 + (-28 - -16). Let v(z) = z**2 - 2*z - 3. What is v(h)?
12
Let k(o) = o. Let a = 389 - 884. Let s = a - -498. Give k(s).
3
Let y(g) be the second derivative of g**4/12 + 7*g**3/2 - 38*g**2 - 16*g. Let v be y(-24). Let c(b) = 5*b + 6. Give c(v).
-14
Let t(n) be the second derivative of n**5/20 - n**4/6 + n**3/6 + 13*n**2/2 - 2016*n. Determine t(0).
13
Let n(a) = a**2 + 4*a - 156 + 210 - 26*a + 45*a. What is n(-5)?
-36
Let k(l) be the first derivative of l**4/4 - 3*l**3 - 11*l**2/2 + 23*l + 1417. Calculate k(11).
144
Let j(v) be the second derivative of -3*v - 1/2*v**2 + 7 + 1/2*v**3. Suppose 0*q - 5*q = 5. Calculate j(q).
-4
Let t(p) = p**3 + 5*p**2 - 9*p - 4. Suppose -10*h - 420 = -31*h. Suppose -h = 4*g + n, 2*g + 4*n + n = 8. What is t(g)?
14
Let o = 53913 + -53917. Let s(l) be the first derivative of l**2 + 8*l - 3. Give s(o).
0
Suppose -h = -3*b + 10, 5*b + 486 = 10*h + 536. Let c(t) = -t**2 - 4*t - 33. Calculate c(h).
-33
Let z = -7384 - -7388. Let x(j) be the third derivative of 0*j + 1/12*j**z + 9*j**2 - 5/3*j**3 + 0. Give x(7).
4
Let u = -14 - -8. Suppose 5*h = -2*t + 14, -h - 2 = -5*t + 3*h. Let v(w) = 47*w**t - 13*w**2 - 17*w**2 + 4*w + 2 - 16*w**2. Calculate v(u).
14
Let a be (-49)/7 - 0 - -37. Suppose 2*k + 2*k = 5*z - a, -50 = -3*z - 4*k. Let j(w) = w**2 - 10*w - 12. Determine j(z).
-12
Let j = 7 - 13. Let t(w) = 102*w + 18 - 36*w - 740*w**2 - 23 - 34*w - 36*w + 739*w**2. Determine t(j).
-17
Let m(w) be the third derivative of w**6/15 + w**5/60 - w**4/12 - w**3/3 + 4*w**2. Let c be 5 - ((16 - 146)/(-10) - (-2 - -9)). Determine m(c).
-7
Let c be 10/3*(-21)/14. Let t(a) be the third derivative of a**3 + 3 + 0*a + 1/12*a**4 + 4*a**2. Calculate t(c).
-4
Let k(c) = 4*c**2 + 50*c + 119. Let n be k(-9). Let u(j) = 11*j + 85. Give u(n).
8
Suppose z - 2*n = 59, -3*z - 88 = -2*n - 261. Let b(l) = 4*l - 29 + z + 2*l - 30. What is b(2)?
10
Let p(u) = -12*u**2 - 4*u + 6. Let f(h) = 2*h**2 + h - 2. Let t(z) = -3*f(z) - p(z). Determine t(-2).
22
Let h = -188 - -129. Let f = h + 51. Let j(a) = -3*a - 8. Calculate j(f).
16
Let l(h) = -4 + 3*h - 28*h**2 - 8*h - 47*h**2 + 73*h**2. Suppose -5*i - u + 3*u - 7 = 0, 4*u = -16. Give l(i).
-7
Let h(o) = -3*o. Let t be 42*-8*7/(-196). Determine h(t).
-36
Let g(s) be the second derivative of s**3 - 9*s**2/2 + 1090*s. What is g(-7)?
-51
Let m = 5 - 3. Suppose 4*s = -3*a - 7, 0*s = s + 2*a - m. Let n(b) = -4*b - 6*b - 5*b - 223*b + 240*b + 1. What is n(s)?
-7
Let x(u) be the second derivative of -u**8/672 - u**7/2520 + u**5/120 - 14*u**4/3 + u**3/6 + 73*u. Let a(m) be the third derivative of x(m). Calculate a(1).
-10
Let s(n) = -n - 3. Let k be 10/(-25) - 3/5. Let r be (5 - (-1)/k)/((-8)/(-16)). Suppose x = -r*x + 6*x. Give s(x).
-3
Let x(a) = -a**3 - 11*a**2 - 15*a - 46. Let u(n) = -n**2 - 2*n + 158. Let q be u(-14). Give x(q).
4
Let y(v) be the first derivative of v**4/4 + 7*v**3/3 - 9*v**2/2 + 5*v - 127. Let s = -204 - -196. What is y(s)?
13
Let i = 222 - 219. Suppose 0 = i*j - 2*u - 12 - 1, -2*j + 2*u = -8. Let a(c) = -c**3 + 5*c**2 - 1. Determine a(j).
-1
Let z(q) = q**2 + 4*q - 3. Let w(j) = -3*j**2 + 14*j - 203. Let p be w(11). Let k = p + 409. Determine z(k).
-6
Suppose 20 = 2*f + 4*y, -5 = 2*f - 4*y + 7. Suppose -4*o + f*o = -16. Suppose 2*x - i - 9 = o, 5*i = -2*x - 1. Let a(b) = -2*b - 1. Calculate a(x).
-15
Suppose 2*f = 7*f - 5. Let c = f + 1. Let y(k) = 61*k - 53. Let l(a) = -68*a + 59. Let b(t) = 9*l(t) + 10*y(t). Determine b(c).
-3
Let c = 45 + -45. Suppose c = -8*i + 3*i, i = 2*h - 14. Let f(u) = -12*u - h*u - 1 + 24*u - 4*u. Calculate f(2).
1
Let d(w) = -5*w**3 + 3*w**2 - 7*w + 2. Let a(c) = 15*c**3 - 10*c**2 + 26*c - 6. Let z(j) = -2*a(j) - 7*d(j). Calculate z(-1).
-5
Let v = -2934 + 2926. Let f(w) = 9*w + 35. Give f(v).
-37
Let i(j) = -19*j**2 - 4*j. Let k be ((1/6)/(-1))/(((-7)/42)/1). What is i(k)?
-23
Let s(b) = -5*b + 1. Let i be (-2)/(-3 - (-3 - -2)). Let x be s(i). Let n(j) = -113*j**2 - 7*j + 4*j**3 + 222*j**2 - 5*j**3 - 6 - 114*j**2. What is n(x)?
6
Let n be 0 + (-14)/2 + 1. Suppose -16*y + 63 = -17. Let o(z) = -2 - 5 + 1 - y*z + 4*z + 1. Calculate o(n).
1
Suppose 0 = 5*n + 4*p + 131, 2*n + 4*p + 32 = -18. Let g(h) = h + 20. Let s be g(n). Let c(z) = -z - 9. Calculate c(s).
-2
Let w(j) be the first derivative of -3*j + 43 + 1/3*j**3 + 5/4*j**4 - j**2. Calculate w(-2).
-35
Suppose b - 2*o = 0, o = -0*b - b. Let r(q) = -q**3 + q**2 + q - 174. Determine r(b).
-174
Let v(u) = -5*u + 1. Suppose i + 38 = 5*b, -4*b + i + 5 + 25 = 0. Suppose b*l = l - 14. What is v(l)?
11
Let l(u) = -15*u + 4*u**2 + 182*u**3 + 4 - 4*u + 3 - 181*u**3. Give l(-7).
-7
Let m(a) = -a**2 + 9*a + 11. Let b be ((-6)/(-8) - (-33480)/6048) + (-4)/14. Give m(b).
29
Let x be (-1725)/(-3) + -6 + -3. Let w(n) = 4*n**2 + n**3 - 10*n + 4*n**2 - x + 566. Suppose -3*l = -l + 18. Calculate w(l).
9
Suppose -4*z - 2 = 6. Let h(c) = -14*c**3 + 31*c**3 - 16*c**3 - 6*c - 3. Let f(n) = -n**3 + 5*n + 2. Let o(t) = -4*f(t) - 3*h(t). Determine o(z).
-3
Let q(n) = 7*n + 32. Let f be q(-4). Let k be -7 - ((-22)/f + (-9)/(-6)). Let a(p) = -p**2 - 5*p + 1. What is a(k)?
7
Let x be (1767/(-76))/(0 + 6/(-80)). Let p = -316 + x. Let j(r) = 2*r + 4. Give j(p).
-8
Let b(x) = -x**3 - 12*x**2 + 12*x - 9. Let y be b(-13). Let t be 0 - -13 - (2 + -1). Let w(c) = -7 + 2*c - t - 10 + c**2 + 24. Determine w(y).
19
Let y = -54 - -92. Suppose y*d = 41*d. Suppose 5*j = -3*a + 30, -2*a = -d*j - 5*j + 30. Let h(c) = 3*c + 5. What is h(j)?
23
Let v be 0/(7/(28/(-8))). Let q(f) = -1 + 6 + 4*f - 9 + v*f. Give q(4).
12
Let u(f) be the first derivative of f**7/840 - f**6/360 - 7*f**4/8 + 49*f**3 + 190. Let i(p) be the third derivative of u(p). Give i(0).
-21
Suppose -9*t - 256 = -17*t. Let a(g) = g**2 - 32*g + 8. Give a(t).
8
Let l(i) = i**2 + 54*i + 35. Let g(n) = 18*n + 12. Let u(j) = 8*g(j) - 3*l(j). Let h be u(-5). Let m(s) = -1 - s + 2*s**2 - h*s + 4*s - 2. What is m(-2)?
11
Suppose -2*y + 2 = -y. Let k = 1702 + -1701. Let s(o) = -o + y*o + o - k. What is s(6)?
11
Let f be 4*(-4)/(-16)*2. Suppose -2*r + f + 8 = 0. Let s(j) = -j + r + j + 0 + 4*j. Determine s(-4).
-11
Suppose 12*y = 10*y - 14. Let b be (70/(-6))/y*3. Let f(s) = 2*s**2 - 6*s**2 + s - s**2 + 4*s**2 + 1. Calculate f(b).
-19
Let r(q) be the first derivative of -q**5/120 + q**4/2 - 229*q**3/3 + 313. Let i(f) be the third derivative of r(f). Determine i(8).
4
Let z(k) = -464*k**2 - 10 + 474*k**2 - k**3 - 10*k + 2*k. Suppose -j + 9 = -t - 4*t, -3*j + 3*t = -27. Give z(j).
-1
Let n(j) = 3*j**2 + j - 6. Suppose 49 = -4*w - 2*q + 59, 2*q + 2 = 2*w. Calculate n(w).
8
Let w be (-14*2)/(-4) - 3. Let q(k) be the first derivative of -3*k - 1/3*k**3 + 2*k**2 + 8. Calculate q(w).
-3
Let g be (-15)/(-5)*(210/(-18) - -13). Let b(y) = 9*y**2 + 3*y. What is b(g)?
156
Let g(z) = -47*z + 146. Let r = 5917 - 5914. Calculate g(r).
5
Let l(w) = w**3 + 19*w**2 - 46*w - 81. Let n(t) = -30*t - 51. Let j be n(-1). Give l(j).
3
Let f(q) = q**2. Let a(l) = -3*